8?
354
Calculate the greatest common factor of 1513 and 18360.
17
Calculate the highest common divisor of 162790 and 3345.
1115
Calculate the greatest common factor of 9950 and 1975.
25
Calculate the highest common divisor of 93702 and 11446.
194
Calculate the greatest common divisor of 1349297 and 86.
43
What is the greatest common divisor of 83016 and 54?
18
What is the greatest common divisor of 71498 and 112?
14
Calculate the highest common divisor of 244332 and 396.
396
What is the greatest common factor of 97406 and 226?
226
Calculate the highest common factor of 46288 and 9856.
176
Calculate the greatest common factor of 160 and 13010.
10
What is the greatest common factor of 1744 and 9156?
436
Calculate the highest common factor of 705 and 22137.
141
Calculate the greatest common divisor of 600 and 152.
8
What is the highest common divisor of 152 and 179189?
19
What is the highest common divisor of 69 and 597?
3
What is the greatest common divisor of 1202 and 7829227?
601
Calculate the greatest common divisor of 3340 and 7348.
668
What is the greatest common factor of 415 and 2241?
83
Calculate the highest common divisor of 1526 and 17658.
218
What is the greatest common factor of 2088 and 6003?
261
What is the greatest common factor of 1355 and 206231?
271
What is the highest common divisor of 1666 and 13524?
98
Calculate the greatest common divisor of 410522 and 472.
118
Calculate the greatest common factor of 1002360 and 480.
120
Calculate the greatest common divisor of 40 and 662980.
20
Calculate the greatest common factor of 7 and 329413.
7
What is the greatest common factor of 29224 and 416?
104
Calculate the highest common factor of 243136 and 116.
116
Calculate the highest common divisor of 9590 and 26989.
137
Calculate the greatest common divisor of 103180 and 1320.
220
What is the highest common divisor of 49338 and 144?
18
Calculate the greatest common factor of 546176 and 408.
136
Calculate the highest common factor of 424107 and 90.
9
Calculate the highest common factor of 1148 and 8092.
28
What is the greatest common divisor of 650 and 11200?
50
Calculate the greatest common factor of 425 and 2167755.
85
What is the greatest common factor of 35 and 28?
7
Calculate the highest common factor of 325 and 51800.
25
What is the highest common factor of 104325 and 175?
25
What is the highest common factor of 950823 and 261?
261
Calculate the greatest common divisor of 46245 and 30.
15
What is the greatest common divisor of 808 and 26488?
8
Calculate the greatest common divisor of 1536 and 1304.
8
Calculate the greatest common factor of 17115 and 3780.
105
What is the greatest common factor of 4617 and 4212?
81
What is the highest common factor of 9018 and 216?
54
Calculate the highest common factor of 57681 and 272.
17
Calculate the greatest common divisor of 82 and 1982.
2
Calculate the highest common divisor of 938 and 28676.
134
Calculate the highest common factor of 14162 and 24638.
194
What is the highest common divisor of 111 and 18500?
37
What is the highest common divisor of 40 and 10510?
10
What is the greatest common factor of 102480 and 168?
168
What is the greatest common factor of 70 and 3730?
10
Calculate the greatest common factor of 4920 and 80.
40
What is the highest common factor of 6 and 7422?
6
Calculate the highest common divisor of 13008 and 194036.
1084
Calculate the highest common divisor of 3887 and 7475.
299
What is the highest common factor of 1768 and 9256?
104
What is the greatest common factor of 1442424 and 8?
8
What is the greatest common factor of 62061 and 3624?
453
What is the greatest common divisor of 1510795 and 220?
55
Calculate the highest common factor of 20893 and 425.
17
What is the greatest common factor of 393343 and 141?
47
What is the greatest common divisor of 170 and 1090?
10
What is the greatest common factor of 392 and 4214?
98
Calculate the highest common divisor of 152 and 26528.
8
What is the greatest common divisor of 264 and 6947292?
132
What is the highest common factor of 560769 and 231?
33
Calculate the highest common factor of 1048064 and 1958.
178
What is the greatest common factor of 4128772 and 4?
4
What is the highest common divisor of 5271 and 231?
21
Calculate the greatest common divisor of 23002 and 434.
434
Calculate the highest common factor of 40617 and 6.
3
What is the greatest common factor of 143165 and 12540?
1045
What is the greatest common divisor of 978 and 588?
6
What is the highest common factor of 202 and 375922?
202
What is the greatest common divisor of 10848 and 3720?
24
What is the greatest common divisor of 9645 and 10?
5
What is the greatest common divisor of 1813599 and 9?
9
What is the highest common divisor of 359339 and 87?
29
Calculate the highest common divisor of 190148 and 42.
14
What is the greatest common factor of 256707 and 33?
33
Calculate the greatest common divisor of 1437495 and 329.
47
What is the highest common divisor of 254955 and 506?
23
Calculate the greatest common factor of 616 and 21208.
88
Calculate the highest common factor of 585 and 10170.
45
Calculate the greatest common divisor of 540 and 972540.
540
Calculate the greatest common factor of 60277 and 316.
79
What is the highest common factor of 193006 and 30008?
682
What is the greatest common divisor of 228734 and 843?
281
Calculate the highest common factor of 816 and 175848.
408
What is the highest common factor of 113354 and 45125?
361
What is the greatest common divisor of 5148 and 10959?
39
Calculate the highest common divisor of 6985 and 20.
5
What is the highest common divisor of 705969 and 176?
11
What is the greatest common factor of 11 and 1191729?
11
Calculate the greatest common factor of 378687 and 9.
3
What is the greatest common factor of 3024270 and 810?
270
Calculate the greatest common factor of 2225 and 5251.
89
Calculate the greatest common divisor of 1116 and 810.
18
What is the highest common divisor of 745541 and 19?
19
What is the highest common divisor of 229952 and 64?
64
What is the greatest common factor of 126 and 303786?
126
Calculate the highest common factor of 988 and 4420.
52
What is the greatest common divisor of 889936 and 48?
16
What is the greatest common factor of 10108 and 1372?
28
Calculate the highest common factor of 18055 and 1265.
115
What is the highest common divisor of 3843 and 92781?
549
What is the greatest common divisor of 102379 and 74?
37
Calculate the greatest common factor of 36 and 446724.
36
What is the highest common divisor of 20561 and 638?
29
Calculate the highest common factor of 27 and 15158205.
27
Calculate the highest common factor of 705906 and 18.
18
What is the highest common factor of 64533 and 441?
147
What is the greatest common factor of 8 and 183036?
4
What is the greatest common divisor of 4437 and 132141?
51
What is the greatest common factor of 1431 and 164777?
53
Calculate the greatest common factor of 2244 and 60.
12
What is the highest common factor of 120565 and 5?
5
What is the greatest common divisor of 2145 and 243815?
715
Calculate the greatest common divisor of 90870 and 21902.
466
What is the highest common divisor of 7 and 361193?
7
Calculate the greatest common factor of 45258 and 3420.
114
What is the highest common factor of 481 and 26?
13
What is the highest common factor of 847 and 2211?
11
What is the greatest common factor of 87 and 42833?
29
What is the greatest common divisor of 6099 and 9951?
321
Calculate the highest common divisor of 598 and 5750.
46
What is the greatest common divisor of 1100 and 19660?
20
What is the greatest common divisor of 28 and 13027?
7
Calculate the highest common divisor of 114075 and 100.
25
What is the greatest common divisor of 17071 and 817?
43
What is the greatest common divisor of 6014 and 1649?
97
What is the highest common factor of 16 and 662?
2
What is the greatest common factor of 35 and 150815?
35
Calculate the greatest common divisor of 128254 and 1750.
14
Calculate the highest common divisor of 2900 and 10382.
58
Calculate the greatest common divisor of 238194 and 401.
401
Calculate the highest common divisor of 9884 and 7.
7
What is the highest common divisor of 71176 and 1302?
434
What is the greatest common factor of 